*r + 3*d + 19 = 7*d, -4*r - 4*d = -28. Suppose -2*w + r = w. What is the tens digit of -1*(-8 + w)*25?
2
Let o = 136 + -10. Let b = o - 74. Suppose -b = -2*f + f + 4*t, 0 = -4*t + 16. What is the units digit of f?
8
Let x be 9/(27/12) + -1. Let q = 49 - 27. Suppose 29 + q = x*j. What is the tens digit of j?
1
Let u be (-2*(-42)/16)/(1/(-4)). What is the units digit of ((-3)/9)/((u/(-3))/(-7959))?
9
What is the hundreds digit of (5405/230)/(1 - (-1473)/(-1476))?
5
Let b(k) = 60*k - 200. Let m be 86/4 + (-6)/12. What is the thousands digit of b(m)?
1
Let i = -57 + 12884. What is the thousands digit of i?
2
Suppose -1 = 2*i - 4*n + 7, -5*i - n + 24 = 0. Suppose -i*l - 70 = 2. What is the units digit of 2/l - 6748/(-63)?
7
Suppose 3*c - 5730 = -4*d, 0 = 5*d - 3*c - 3636 - 3540. Suppose -2*m - d = p - 5*p, 0 = 4*p + m - 1419. What is the units digit of p?
6
Suppose -15 = -5*h, -2*z - 11 = h - 64. Suppose 2*j = -j + 4*v + 1636, z = 5*v. What is the hundreds digit of j?
5
Suppose 3*s = 3*h - 216, -3*h - h - 5*s = -270. Suppose 0 = -x + h + 545. What is the hundreds digit of (x/(-20) + 4)*-4?
1
Let t = 14167 - 8437. What is the units digit of t?
0
Let j(w) = 3*w + 3*w - 249*w**3 + 253*w**3 - 3*w**2 - 5*w. Let o be j(2). Let b = -2 + o. What is the units digit of b?
0
Let r(c) = 21*c - 61. Let k be r(-20). Let h = k - -718. What is the units digit of h?
7
Let k(m) = 2*m**3 + 12*m**2 + 9*m + 10. Suppose 3*o - 1 = -4*q + 1, -6 = q + 4*o. Suppose 2 = -2*i + 2*b, -5*b - 15 = -q*i + i. What is the tens digit of k(i)?
1
Let k(z) = -104*z - 29. Let n = 333 + -338. What is the hundreds digit of k(n)?
4
What is the units digit of ((-2 + 1049163)/19)/((-1)/(-1))?
9
Suppose 2*l + l - 8 = -2*m, -5*l = -3*m - 26. Let h(f) = f**2 - 1. Let x be h(m). Suppose z + x*z = -2*w + 102, -z + 148 = 3*w. What is the units digit of w?
9
Let r(f) = 379*f**2 + 33*f - 313. What is the ten thousands digit of r(8)?
2
Let h = -137 - -148. Suppose a + 4260 = h*a. What is the tens digit of a?
2
Suppose -2*b + 2476 = 5*z, 0 = -z - b + 5*b + 482. Let r = z + -235. What is the hundreds digit of r?
2
Suppose -5*g + g = 4*m + 28, -22 = 4*g + 2*m. Let b be (g/3)/((-10)/555). Suppose -2*j + b = 5*c, -4*j - 4*c = -22 - 126. What is the units digit of j?
7
What is the hundreds digit of (-212790)/8*708/(-531)?
4
Let v(d) = 5*d**3 - 10*d**2 - 6*d - 13. Let o(q) = 7*q**3 - 11*q**2 - 6*q - 13. Let w(g) = -2*o(g) + 3*v(g). What is the hundreds digit of w(12)?
4
Suppose 2*f - 90697 = -5*s, -5*s + 5*f + 69999 = -20691. What is the units digit of s?
9
Let b(q) = 123*q**2 + 6*q - 8. Let k be b(-4). Suppose 5511 = 5*r + k. What is the hundreds digit of r?
7
Suppose -11*y = -57 - 273. What is the hundreds digit of 5494/y + (-5 - (-292)/60)?
1
Suppose 3*d = -3*n + 31107, 11*d - 51785 = -5*n + 16*d. What is the thousands digit of n?
0
Suppose 609 + 619 = -u. Let t = u - -1835. What is the tens digit of t?
0
What is the ten thousands digit of ((-10)/(-60))/(2/8)*(-2141232)/(-62)?
2
Suppose -1 = g, -3*d - 11*g + 40343 = -7*g. Suppose -1409 - d = -23*p. What is the tens digit of p?
4
Let i(q) = -3*q**3 + 97*q**2 + 54*q - 44. What is the thousands digit of i(20)?
5
What is the ten thousands digit of 87521*((-150)/14 + (57 - 46))?
2
Suppose -2*o = -4*o - 4*m, 0 = -o + m + 3. Suppose -2*y = -5*h + 915, y = 4*h + o*y - 719. What is the hundreds digit of h?
1
Let d(r) = 3*r**2 + 7*r - 2. Let z be d(-3). Suppose 5*g + 30*l - 34*l - 1265 = 0, z*l = 0. What is the units digit of g?
3
What is the hundreds digit of -24 + -1 - (-66567 - 166)?
7
Suppose -49*l + 52*l = 15. Suppose 0*v = l*z + 3*v - 3788, 0 = 5*z + v - 3796. What is the tens digit of z?
6
Let b(x) be the first derivative of 35*x**2 - 184*x - 59. What is the hundreds digit of b(21)?
2
Let g = 41 + -40. Let q(a) = 4*a - 84*a + g - 13*a - 2. What is the units digit of q(-1)?
2
Let p(g) = 3*g**2 + g + 25. Let a(v) = 2*v**3 - 6*v**2 - 8*v + 9. Let j be a(4). What is the hundreds digit of p(j)?
2
Let y(n) = 23*n - 5. Let a(d) = 29*d + 1. Let s(o) = -19*o - 1. Let c(m) = 5*a(m) + 7*s(m). Let i(r) = -5*c(r) + 3*y(r). What is the tens digit of i(11)?
9
Suppose -22*s = 16*s - 380. Suppose 2426 = -s*r + 12356. What is the tens digit of r?
9
Suppose -428*v = -395*v - 33858. What is the hundreds digit of v?
0
Suppose 0*x - 4*x + 52 = 0. Let l(p) = -x + 25*p + p**2 - 62*p + 30*p. What is the tens digit of l(14)?
8
Let k(o) = 4*o + 3. Suppose -3*w = 5*p - 35, 0 = p + 4 - 8. Suppose 0 = -w*r + 5*i + 30, -20 + 5 = -2*r - i. What is the units digit of k(r)?
1
Let k = -61791 + 114871. What is the tens digit of k?
8
Suppose 0 = -2*g - 10, 4*u + 271*g = 276*g + 17361. What is the thousands digit of u?
4
Let i = 20182 - 13164. What is the tens digit of i?
1
Let t = 67 + -63. Suppose t*q = -5*q + 828. What is the units digit of q?
2
Suppose w + 13417 = -3*i + 158358, -3*i - 2*w + 144940 = 0. What is the units digit of (16/(-18))/(-4) + i/153?
6
Let i = 38451 + -22148. What is the tens digit of i?
0
Let j be 4/(-8) + (-205)/(-10). Let h be (j/15)/(((-1)/1)/285). Let l = h + 609. What is the hundreds digit of l?
2
Let b = -101 - -106. Let k = b + -7. What is the tens digit of 96/((-6)/(-3)) + (-2)/k?
4
What is the units digit of (17 - (23 - 7))*10481?
1
Let a = 5 - 5. Let s = a - -3. Suppose -9*c + 18 = -s*c. What is the units digit of c?
3
Let t(y) = 2*y**2 + 8*y - 8. Let x(z) = -2*z + 35. Let o be x(20). Let v be t(o). Suppose f - 79 = -0*d - v*d, 167 = 2*f + d. What is the units digit of f?
5
Let y = -75 - -47. Let x be -4 + y/42 + (-20)/(-3). What is the tens digit of ((-240)/90)/((x/(-33))/2)?
8
Let n = 1768 - -1536. What is the units digit of n?
4
Let j(w) = -w**2 + 10*w - 27. Let v be j(6). Let z be -1 - (24/3 - v). What is the units digit of (-770)/(-25) - (1 + z/10)?
1
Let z(u) = 4*u**2 + 12*u - 11. Let h be z(1). Suppose 0 = -5*m - 3*c + 1999 + 2980, -4987 = -h*m + c. What is the hundreds digit of m?
9
Let g be ((7 - 12) + 6)*-1*41. Let b = g + -17. Let l = 67 + b. What is the units digit of l?
9
Suppose -12036 = -32*a + 39228. What is the tens digit of a?
0
Suppose -2*r = -8*c + 3*c + 57898, 57922 = 5*c + 2*r. What is the tens digit of c?
8
Let t(v) = -26*v + 29 - 1258*v**2 + 43 + 1277*v**2 - v**3. What is the tens digit of t(14)?
8
Let p(y) = -3*y + 9. Let c be p(1). Suppose -c*j + 1465 = -j + 5*g, 5*j + 2*g = 1477. What is the tens digit of j?
9
Let c be -29 + 31 + -3*1. What is the units digit of (-4746)/(-48) + c/(-8)?
9
Let c be (-12)/(-6) - (7 + -4). What is the tens digit of (-58 - c)/((-102)/33 + 3)?
2
Suppose 0 = h - 4 + 2. Suppose 17*b - h - 32 = 0. What is the units digit of (((-9)/b)/1)/((-6)/336)?
2
Suppose -5*p - 3*i = 1, 2*i - 1 = -p + 3. Let o be (13 - 7)*p/(-4). Suppose 0 = o*n + 2*n - 95. What is the units digit of n?
9
Let o(q) = 15*q**3 + 2*q**2 + 4*q + 1. Let t be o(-3). Let l = 21 - t. What is the tens digit of l?
1
Suppose -3*w + 22*h = 21*h - 15, w = -3*h - 5. Suppose w*m - 926 = -x, 4*x = -m - 4*m + 1163. What is the tens digit of m?
3
Let c = 451 - 167. Suppose -d + 16 = -4*s, 8 = 3*d - 5*s - 19. Suppose -d*w - m + 55 = -c, -4*w = -5*m - 321. What is the units digit of w?
4
What is the hundreds digit of (1 - 0)*12*10/120 - -13627?
6
Let l(y) = 3*y**2 + 75*y + 26. Let i(x) = -2*x**2 - 37*x - 12. Let w(r) = -5*i(r) - 2*l(r). What is the units digit of w(5)?
3
Suppose 3*m + 0*m - 103 = j, 4*m + 3*j - 159 = 0. What is the tens digit of (m/(-45))/((-4)/710)?
4
What is the thousands digit of 20734 + (20/50 - 34/10)?
0
Suppose -2*j + 5*g + 3653 = 0, 5*j - g + 1844 = 6*j. Suppose -j = -22*p + 8611. What is the units digit of p?
5
Suppose -3*m + 7 = -k - 3*k, 0 = -3*k + m + 1. Suppose -k*q + y = -556 - 951, 5*y - 1477 = -2*q. What is the tens digit of q?
5
Let j be (-4)/(-2 + 128/68). Let v = 67 - j. What is the units digit of v?
3
Let r = 24 + -62. Let q = r - 97. Let l = 25 - q. What is the units digit of l?
0
Let c be (3 + 0)/(-3) + 1. Suppose c = -4*r + 488 - 44. Suppose 0 = 5*p + 4*j - 507, -p - 3*j = j - r. What is the tens digit of p?
9
Let v = -48 + 50. Let a be (-3)/v*(6 + 84/(-9)). Suppose -a*f = -2*s + 5*s - 102, -2*s = -3*f + 46. What is the tens digit of f?
1
Let w be (0 + 4)/((-4 + 8)/4). Suppose w*y + 4*p - 922 = -y, -y - 5*p = -176.